{"id":1281,"date":"2015-03-10T09:17:41","date_gmt":"2015-03-10T09:17:41","guid":{"rendered":"http:\/\/www.kumikameli.com\/www\/?page_id=1281"},"modified":"2015-03-10T09:17:41","modified_gmt":"2015-03-10T09:17:41","slug":"2009-2","status":"publish","type":"page","link":"http:\/\/www.kumikameli.com\/www\/?page_id=1281","title":{"rendered":"2009"},"content":{"rendered":"<table border=\"0\" width=\"624\" cellspacing=\"0\" cellpadding=\"0\">\n<tbody>\n<tr>\n<td valign=\"top\" width=\"71%\">\n<table border=\"0\" width=\"100%\" cellspacing=\"0\" cellpadding=\"17\">\n<tbody>\n<tr>\n<td><strong>KUMIKAMELI 2009<br \/>\n<\/strong><br \/>\n<strong>13.11.2009 KUMIKAMELI 23 VUOTTA.<br \/>\n<\/strong>Emme juhli merkkip\u00e4iv\u00e4\u00e4. T\u00e4n\u00e4k\u00e4\u00e4n vuonna. Ainakaan keikkailemalla&#8230;Jotain sent\u00e4\u00e4n, kuviin lis\u00e4tty Stupido 20v bileist\u00e4 kuvatuksia ja kaupan p\u00e4\u00e4lle toinen biisi elokuun demosessioista. Kappale on Nalle ja sen voi hakea t\u00e4\u00e4lt\u00e4<\/p>\n<p><a href=\"http:\/\/www.kumikameli.com\/www\/material\/sounds\/NalleV4.mp3\"><strong>Nalle (demo 22.-23.8.2009<\/strong><\/a><\/p>\n<p>Joo, tunnelin persp\u00e4\u00e4st\u00e4 pilkottaa hiukkasen valoa, sill\u00e4 joulukuun puoliv\u00e4liss\u00e4 aletaan punnertamaan &#8221;Voima ja Kunnia&#8221; -ty\u00f6nimell\u00e4 kulkevaa pitk\u00e4hk\u00f6\u00e4 soittoa. Katotaan mit\u00e4 tuleman pit\u00e4\u00e4!<\/p>\n<p>4.9.2009 PERKELEVITTUSAADANA<br \/>\nMatiaiselle tuli karmiva tauti ja viikonlopun keikat meni ns. f\u00f6rbi. Paikkop\u00e4ivi\u00e4 yritet\u00e4\u00e4n l\u00f6yt\u00e4\u00e4 asap.<br \/>\n<strong><br \/>\n<\/strong><a href=\"http:\/\/www.kumikameli.com\/www\/material\/sounds\/Vitsa.mp3\"><strong>Vitsa (demo 22.-23.8.2009)<\/strong><\/a>.<strong><br \/>\n<\/strong><br \/>\nKuunnelkaa ny ees tuota, tuokin helvatti vaivalla opeteltiin \ud83d\ude42<\/p>\n<p>25.8.2009<br \/>\nViime viikonloppuna paskarreltiin 11 biisin demo, en\u00e4\u00e4 25 p\u00f6rin\u00e4\u00e4 \u00e4\u00e4nitt\u00e4m\u00e4tt\u00e4. Alla maistiainen nimelt\u00e4\u00e4n Vitsa, joka on hauska ralli pedagogisella mesitsill\u00e4.<strong><br \/>\n<\/strong><br \/>\n<a href=\"http:\/\/www.kumikameli.com\/www\/material\/sounds\/Vitsa.mp3\">Vitsa (demo 22.-23.8.2009)<\/a>.<\/p>\n<p>Katotaan saadaanko n\u00e4it\u00e4 poimittua tuleville keikoille, toivossa elet\u00e4\u00e4n&#8230;<\/p>\n<p>8.8.2009<br \/>\nN\u00e4kyv\u00e4 V\u00e4\u00e4n\u00e4nen, Jone nimitt\u00e4in yll\u00e4tti meitin hurjalla versiolla Kusiainen -biisist\u00e4. \u00c4s\u00e4kk\u00e4\u00e4kin \u00e4s\u00e4k\u00e4mp\u00e4t\u00e4!<\/p>\n<p><a href=\"http:\/\/www.kumikameli.com\/www\/material\/sounds\/Kusiainen-2009-Edited-limition-by-Dj-Vana.mp3\">T\u00e4\u00e4lt\u00e4 Kusiainen 2009 (edited limition)<\/a><\/p>\n<p><strong>7.8.2009<br \/>\n<\/strong>Parille keikalle laittavat meitit kaikesta huolimatta. Tulkaa kattomaan, n\u00e4it\u00e4 ei montaa vuodessa tule eli kyseess\u00e4 harvinaista herkkua.<\/p>\n<p>10.4.2009<br \/>\nHiljasta on muuten, mutta saatiin \u00e4s\u00e4kk\u00e4 videopl\u00e4j\u00e4ys Andrealta<strong><br \/>\n<\/strong><a href=\"http:\/\/www.kumikameli.com\/www\/material\/animations\/Kumikameli-Tavastia_10102008.mov\">Tavastian keikalta 10.10.2008<\/a>. Pituus 17 minsaa, koko 37 Mt, formaatti Quicktime.<\/p>\n<p>Biisilista : <em>Kaidalla tiell\u00e4, Jarkko, PKV, Runkkariklubi, Supermies, Tarmo, Hakekaapas. <\/em><\/p>\n<p>Tsekatkaapas!<\/p>\n<p>26.1.2009<\/p>\n<p>T\u00e4\u00e4 vuosi alkaa sitten t\u00e4lleen. Luvassa ei mit\u00e4\u00e4n&#8230;<\/p>\n<p>Paitsi ehk\u00e4 syksyll\u00e4 jotain \u00e4\u00e4nitett\u00e4&#8230;<strong><br \/>\n<\/strong><br \/>\nKev\u00e4\u00e4ll\u00e4 uusien biisien treenausta&#8230;<\/p>\n<p>Katellaan&#8230;<\/p>\n<p><em>T\u00e4mm\u00f6inen vuosi sitten oli 2009.<br \/>\nPerseeest\u00e4 siis. Syv\u00e4lt\u00e4.<br \/>\nKeikkasaldo: 1 kpl, jouduttiin peruun 4.9 Tre, Vastavirta Klubi ja<br \/>\n5.9 Hki, Ravintolalaiva W\u00e4iski, mik\u00e4 oli kovin harmillista&#8230;<\/em><\/p>\n<p>Pihisee toppo 14.2.2010.<\/p>\n<p>&nbsp;<\/td>\n<\/tr>\n<\/tbody>\n<\/table>\n<\/td>\n<td valign=\"top\" width=\"29%\">\n<div align=\"right\">\n<table border=\"0\" width=\"176\" cellspacing=\"0\" cellpadding=\"0\">\n<tbody>\n<tr>\n<td><\/td>\n<\/tr>\n<\/tbody>\n<\/table>\n<div align=\"center\"><\/div>\n<\/div>\n<\/td>\n<\/tr>\n<\/tbody>\n<\/table>\n","protected":false},"excerpt":{"rendered":"<p>KUMIKAMELI 2009 13.11.2009 KUMIKAMELI 23 VUOTTA. Emme juhli merkkip\u00e4iv\u00e4\u00e4. T\u00e4n\u00e4k\u00e4\u00e4n vuonna. Ainakaan keikkailemalla&#8230;Jotain sent\u00e4\u00e4n, kuviin lis\u00e4tty Stupido 20v bileist\u00e4&hellip;<\/p>\n","protected":false},"author":1,"featured_media":0,"parent":1249,"menu_order":0,"comment_status":"open","ping_status":"open","template":"","meta":{"footnotes":""},"class_list":["post-1281","page","type-page","status-publish","hentry"],"_links":{"self":[{"href":"http:\/\/www.kumikameli.com\/www\/index.php?rest_route=\/wp\/v2\/pages\/1281","targetHints":{"allow":["GET"]}}],"collection":[{"href":"http:\/\/www.kumikameli.com\/www\/index.php?rest_route=\/wp\/v2\/pages"}],"about":[{"href":"http:\/\/www.kumikameli.com\/www\/index.php?rest_route=\/wp\/v2\/types\/page"}],"author":[{"embeddable":true,"href":"http:\/\/www.kumikameli.com\/www\/index.php?rest_route=\/wp\/v2\/users\/1"}],"replies":[{"embeddable":true,"href":"http:\/\/www.kumikameli.com\/www\/index.php?rest_route=%2Fwp%2Fv2%2Fcomments&post=1281"}],"version-history":[{"count":1,"href":"http:\/\/www.kumikameli.com\/www\/index.php?rest_route=\/wp\/v2\/pages\/1281\/revisions"}],"predecessor-version":[{"id":1282,"href":"http:\/\/www.kumikameli.com\/www\/index.php?rest_route=\/wp\/v2\/pages\/1281\/revisions\/1282"}],"up":[{"embeddable":true,"href":"http:\/\/www.kumikameli.com\/www\/index.php?rest_route=\/wp\/v2\/pages\/1249"}],"wp:attachment":[{"href":"http:\/\/www.kumikameli.com\/www\/index.php?rest_route=%2Fwp%2Fv2%2Fmedia&parent=1281"}],"curies":[{"name":"wp","href":"https:\/\/api.w.org\/{rel}","templated":true}]}}

<table border="0" width="624" cellspacing="0" cellpadding="0">
<tbody>
<tr>
<td valign="top" width="71%">
<table border="0" width="100%" cellspacing="0" cellpadding="17">
<tbody>
<tr>
<td><strong>KUMIKAMELI 2009<br />
</strong><br />
<strong>13.11.2009 KUMIKAMELI 23 VUOTTA.<br />
</strong>Emme juhli merkkipäivää. Tänäkään vuonna. Ainakaan keikkailemalla&#8230;Jotain sentään, kuviin lisätty Stupido 20v bileistä kuvatuksia ja kaupan päälle toinen biisi elokuun demosessioista. Kappale on Nalle ja sen voi hakea täältä</p>
<p><a href="http://www.kumikameli.com/www/material/sounds/NalleV4.mp3"><strong>Nalle (demo 22.-23.8.2009</strong></a></p>
<p>Joo, tunnelin perspäästä pilkottaa hiukkasen valoa, sillä joulukuun puolivälissä aletaan punnertamaan &#8221;Voima ja Kunnia&#8221; -työnimellä kulkevaa pitkähköä soittoa. Katotaan mitä tuleman pitää!</p>
<p>4.9.2009 PERKELEVITTUSAADANA<br />
Matiaiselle tuli karmiva tauti ja viikonlopun keikat meni ns. förbi. Paikkopäiviä yritetään löytää asap.<br />
<strong><br />
</strong><a href="http://www.kumikameli.com/www/material/sounds/Vitsa.mp3"><strong>Vitsa (demo 22.-23.8.2009)</strong></a>.<strong><br />
</strong><br />
Kuunnelkaa ny ees tuota, tuokin helvatti vaivalla opeteltiin 🙂</p>
<p>25.8.2009<br />
Viime viikonloppuna paskarreltiin 11 biisin demo, enää 25 pörinää äänittämättä. Alla maistiainen nimeltään Vitsa, joka on hauska ralli pedagogisella mesitsillä.<strong><br />
</strong><br />
<a href="http://www.kumikameli.com/www/material/sounds/Vitsa.mp3">Vitsa (demo 22.-23.8.2009)</a>.</p>
<p>Katotaan saadaanko näitä poimittua tuleville keikoille, toivossa eletään&#8230;</p>
<p>8.8.2009<br />
Näkyvä Väänänen, Jone nimittäin yllätti meitin hurjalla versiolla Kusiainen -biisistä. Äsäkkääkin äsäkämpätä!</p>
<p><a href="http://www.kumikameli.com/www/material/sounds/Kusiainen-2009-Edited-limition-by-Dj-Vana.mp3">Täältä Kusiainen 2009 (edited limition)</a></p>
<p><strong>7.8.2009<br />
</strong>Parille keikalle laittavat meitit kaikesta huolimatta. Tulkaa kattomaan, näitä ei montaa vuodessa tule eli kyseessä harvinaista herkkua.</p>
<p>10.4.2009<br />
Hiljasta on muuten, mutta saatiin äsäkkä videopläjäys Andrealta<strong><br />
</strong><a href="http://www.kumikameli.com/www/material/animations/Kumikameli-Tavastia_10102008.mov">Tavastian keikalta 10.10.2008</a>. Pituus 17 minsaa, koko 37 Mt, formaatti Quicktime.</p>
<p>Biisilista : <em>Kaidalla tiellä, Jarkko, PKV, Runkkariklubi, Supermies, Tarmo, Hakekaapas. </em></p>
<p>Tsekatkaapas!</p>
<p>26.1.2009</p>
<p>Tää vuosi alkaa sitten tälleen. Luvassa ei mitään&#8230;</p>
<p>Paitsi ehkä syksyllä jotain äänitettä&#8230;<strong><br />
</strong><br />
Keväällä uusien biisien treenausta&#8230;</p>
<p>Katellaan&#8230;</p>
<p><em>Tämmöinen vuosi sitten oli 2009.<br />
Perseeestä siis. Syvältä.<br />
Keikkasaldo: 1 kpl, jouduttiin peruun 4.9 Tre, Vastavirta Klubi ja<br />
5.9 Hki, Ravintolalaiva Wäiski, mikä oli kovin harmillista&#8230;</em></p>
<p>Pihisee toppo 14.2.2010.</p>
<p>&nbsp;</td>
</tr>
</tbody>
</table>
</td>
<td valign="top" width="29%">
<div align="right">
<table border="0" width="176" cellspacing="0" cellpadding="0">
<tbody>
<tr>
<td></td>
</tr>
</tbody>
</table>
<div align="center"></div>
</div>
</td>
</tr>
</tbody>
</table>

<p>KUMIKAMELI 2009 13.11.2009 KUMIKAMELI 23 VUOTTA. Emme juhli merkkipäivää. Tänäkään vuonna. Ainakaan keikkailemalla&#8230;Jotain sentään, kuviin lisätty Stupido 20v bileistä&hellip;</p>
